te the remainder when 59591732 is divided by 1422.
1400
What is the remainder when 187060 is divided by 62286?
202
What is the remainder when 87821 is divided by 289?
254
What is the remainder when 442439 is divided by 26024?
31
What is the remainder when 1488319 is divided by 187?
173
What is the remainder when 119208349 is divided by 601?
600
Calculate the remainder when 2443558 is divided by 901.
46
What is the remainder when 394738 is divided by 2780?
2758
Calculate the remainder when 31569 is divided by 2724.
1605
What is the remainder when 352291974 is divided by 175?
174
Calculate the remainder when 6497356 is divided by 492.
4
What is the remainder when 178906937 is divided by 24?
17
Calculate the remainder when 3316725 is divided by 13214.
11
What is the remainder when 1344246998 is divided by 470?
468
What is the remainder when 14808887 is divided by 7423?
2
Calculate the remainder when 7476225 is divided by 3555.
60
Calculate the remainder when 27331582 is divided by 5.
2
Calculate the remainder when 5656165 is divided by 3007.
3005
What is the remainder when 73224 is divided by 161?
130
What is the remainder when 54513 is divided by 1557?
18
What is the remainder when 250434 is divided by 5343?
4656
Calculate the remainder when 1460962 is divided by 173.
150
Calculate the remainder when 540745 is divided by 1776.
841
Calculate the remainder when 5688505 is divided by 56885.
5
What is the remainder when 976628 is divided by 65108?
8
Calculate the remainder when 366587 is divided by 344.
227
What is the remainder when 1295327 is divided by 24?
23
What is the remainder when 464820 is divided by 154894?
138
What is the remainder when 10938766 is divided by 12?
10
What is the remainder when 88204 is divided by 2665?
259
What is the remainder when 12854 is divided by 1432?
1398
Calculate the remainder when 634210 is divided by 1860.
1810
Calculate the remainder when 179282012 is divided by 293.
0
What is the remainder when 8507785 is divided by 47?
33
What is the remainder when 356622 is divided by 14214?
1272
What is the remainder when 50683385 is divided by 4951?
4949
What is the remainder when 605989 is divided by 18363?
10
Calculate the remainder when 12292816 is divided by 3624.
208
What is the remainder when 1428589 is divided by 2158?
2151
What is the remainder when 93878206 is divided by 192?
190
What is the remainder when 796825 is divided by 329?
316
What is the remainder when 3341472 is divided by 840?
792
Calculate the remainder when 1384985 is divided by 215.
170
Calculate the remainder when 23782 is divided by 4732.
122
Calculate the remainder when 1061250 is divided by 151596.
78
What is the remainder when 32982 is divided by 32881?
101
What is the remainder when 52466644 is divided by 878?
876
What is the remainder when 431566 is divided by 214801?
1964
Calculate the remainder when 22211 is divided by 10773.
665
What is the remainder when 1258653 is divided by 3211?
3152
Calculate the remainder when 704174 is divided by 88017.
38
Calculate the remainder when 47659257 is divided by 4445.
4412
What is the remainder when 4836087 is divided by 4836054?
33
What is the remainder when 153817 is divided by 11826?
79
Calculate the remainder when 197472753 is divided by 23.
20
What is the remainder when 17245251 is divided by 37?
32
Calculate the remainder when 185330 is divided by 809.
69
Calculate the remainder when 37389350 is divided by 26.
24
What is the remainder when 184927 is divided by 46194?
151
Calculate the remainder when 2570194 is divided by 514037.
9
Calculate the remainder when 2273743 is divided by 176.
175
Calculate the remainder when 850951 is divided by 5072.
3927
Calculate the remainder when 6748039 is divided by 976.
951
What is the remainder when 681954819 is divided by 4023?
4020
Calculate the remainder when 2364624 is divided by 244.
20
Calculate the remainder when 22183920 is divided by 5545974.
24
What is the remainder when 151588484 is divided by 28885?
4
What is the remainder when 508985 is divided by 24?
17
Calculate the remainder when 156473 is divided by 52130.
83
What is the remainder when 2993105 is divided by 596?
589
What is the remainder when 50104 is divided by 72?
64
What is the remainder when 72689 is divided by 24225?
14
Calculate the remainder when 636270 is divided by 8054.
4
What is the remainder when 121344 is divided by 4287?
1308
What is the remainder when 369055 is divided by 227?
180
What is the remainder when 536006 is divided by 105?
86
Calculate the remainder when 1401 is divided by 96.
57
What is the remainder when 398470 is divided by 57?
40
What is the remainder when 4346761 is divided by 214?
207
Calculate the remainder when 24553740 is divided by 43535.
0
What is the remainder when 191254 is divided by 27249?
511
What is the remainder when 1910503 is divided by 261?
244
What is the remainder when 8079743 is divided by 6585?
6533
What is the remainder when 435648 is divided by 39?
18
What is the remainder when 2494106 is divided by 166270?
56
Calculate the remainder when 103242 is divided by 625.
117
What is the remainder when 1285551 is divided by 183646?
29
Calculate the remainder when 52708 is divided by 31.
8
What is the remainder when 208109549 is divided by 2324?
2321
What is the remainder when 19931071 is divided by 6643688?
7
Calculate the remainder when 61551 is divided by 7602.
735
What is the remainder when 1486462 is divided by 368?
110
What is the remainder when 48754428 is divided by 1571?
14
Calculate the remainder when 1385910 is divided by 59.
0
What is the remainder when 1496440307 is divided by 132?
131
What is the remainder when 20829936 is divided by 42?
36
Calculate the remainder when 18828656 is divided by 1344902.
28
Calculate the remainder when 17846 is divided by 2417.
927
Calculate the remainder when 406668 is divided by 71.
51
What is the remainder when 449355647 is divided by 1916?
1915
Calculate the remainder when 1369762 is divided by 15927.
40
What is the remainder when 155867 is divided by 447?
311
What is the remainder when 2221780 is divided by 8480?
20
What is the remainder when 169436 is divided by 2264?
1900
Calculate the remainder when 24570 is divided by 2265.
1920
What is the remainder when 15101 is divided by 4937?
290
Calculate the remainder when 8140704 is divided by 9.
6
Calculate the remainder when 45635583 is divided by 512.
511
What is the remainder when 4355887 is divided by 397?
3
Calculate the remainder when 6249215 is divided by 3124602.
11
What is the remainder when 45115158 is divided by 47?
46
Calculate the remainder when 283104 is divided by 56609.
59
What is the remainder when 1179411 is divided by 84219?
345
What is the remainder when 339339994 is divided by 73?
5
Calculate the remainder when 72943616 is divided by 21.
11
What is the remainder when 2490559 is divided by 829773?
1240
What is the remainder when 66045 is divided by 5055?
330
What is the remainder when 14366896 is divided by 3087?
3085
What is the remainder when 4059315 is divided by 10?
5
What is the remainder when 7115299 is divided by 2421?
2401
Calculate the remainder when 2241805 is divided by 113.
111
What is the remainder when 1638365 is divided by 54612?
5
What is the remainder when 18318556 is divided by 9159278?
0
What is the remainder when 359159 is divided by 486?
5
What is the remainder when 3214085 is divided by 1473?
1472
Calculate the remainder when 2072895 is divided by 376.
7
Calculate the remainder when 3473550 is divided by 2974.
2892
What is the remainder when 94597667 is divided by 52?
47
Calculate the remainder when 1478277 is divided by 577.
3
Calculate the remainder when 34096 is divided by 7610.
3656
What is the remainder when 55822 is divided by 3750?
3322
What is the remainder when 145243336 is divided by 48414438?
22
Calculate the remainder when 11564078 is divided by 85.
83
What is the remainder when 5763713 is divided by 2881855?
3
What is the remainder when 3218421 is divided by 2453?
85
What is the remainder when 5102625 is divided by 27138?
681
Calculate the remainder when 204075613 is divided by 2312.
2309
Calculate the remainder when 4884365 is divided by 1455.
1385
What is the remainder when 7164034 is divided by 14